{"id":766,"date":"2017-08-04T12:40:20","date_gmt":"2017-08-04T12:40:20","guid":{"rendered":"https:\/\/changebycoaching.de\/?page_id=766"},"modified":"2023-03-01T14:30:14","modified_gmt":"2023-03-01T13:30:14","slug":"coach","status":"publish","type":"page","link":"https:\/\/changebycoaching.de\/index.php\/coach\/","title":{"rendered":"Wer ist Ihr Coach?"},"content":{"rendered":"<h2 style=\"text-align: right;\"><span style=\"color: #00ab84;\">Wer ist Ihr Coach?<\/span><\/h2>\n<h1><span style=\"color: #009fdf;\">COACH<\/span><\/h1>\n<h5>Als Business Coach begleite ich Sie, in der Erzielung von z\u00fcgigen Verbesserungen und anhaltenden positiven Ver\u00e4nderungen in F\u00fchrung und (Zusammen-)Arbeit. Mein Hauptfokus ist, F\u00f6rderung einer wertebezogenen, ideengertiebenen &amp; agilen F\u00fchrungs- &amp; Arbeitskultur. Meine Zielgruppen sind Unternehmen, als Auftraggeber f\u00fcr Sie als F\u00fchrungskraft oder Mitarbeiter\u00b7in; und Sie als Privatperson. Mein Coaching zur Kompetenzentwicklung hat das Ziel, \u201eLeader-, Soziale- &amp; Pers\u00f6nliche-Kompetenzen\u201c z\u00fcgig auszubauen; und damit erfolgreicher zu f\u00fchren &amp; (zusammen) zu arbeiten. Ganzheitlich beziehen wir Ihre relevanten Anl\u00e4sse ein, mit Blick auf: F\u00fchrung, Karriere, Konflikte, Entscheidungen, Change &amp; Diversity.<\/h5>\n<p>Ich habe langj\u00e4hrige Berufspraxis in Coaching,\u00a0 Management- &amp; SAP-Beratung. Diese wird getragen von meinen fundierten Weiterbildungen in Coaching, Leadership &amp; Consulting und meiner umfangreichen praxisbezogenen Lebenserfahrung. Damit verf\u00fcge ich \u00fcber das wichtige prozessuale Know-how in F\u00fchrung und (Zusammen-)Arbeit f\u00fcr erfolgreiches Coaching &amp; Change-Begleitung.<\/p>\n<p>Ich stelle meine Coaching-Qualit\u00e4t mittels regelm\u00e4\u00dfiger Intervision, durch fundiert ausgebildete Kolleg\u00b7innen, sicher. Damit erfolgt eine eigene St\u00e4rkung und Absicherung von Coachingvorgehen &amp; -techniken sowie meiner Selbstreflexion.<\/p>\n<p>Mein Diplom der Betriebswirtschaftslehre an der Universit\u00e4t Mannheim, habe ich in den Vertiefungen: Wirtschaftspsychologie, Organisation &amp; Wirtschaftsinformatik sowie Logistik abgeschlossen.<\/p>\n<h2 style=\"text-align: left;\"><span style=\"color: #009fdf;\">Meine Coachingschwerpunkte<\/span><\/h2>\n<p><b>Einzel-Personen-Coachings<\/b> von Unternehmer\u00b7innen, Freiberufler\u00b7innen, F\u00fchrungskr\u00e4ften und Fachmitarbeiter\u00b7innen in den Themen: \u201eKonflikte und Krisen\u201c, \u201ePotentiale\u201c und \u201eEntscheidungen\u201c.<br \/>\n<b>Mehr-Personen-Coachings <\/b>in den Themen: \u201eKonflikte und Krisen\u201c, \u201eTeam-Entwicklung\u201c sowie \u201eChange-Begleitung\u201c.<\/p>\n<h2 style=\"text-align: left;\"><span style=\"color: #009fdf;\">Meine Branchenerfahrungen<\/span><\/h2>\n<p>Ich habe meine beruflichen Erfahrungen in den Branchen: Coaching &amp; Fortbildung, Management- sowie SAP-Beratung, Handelsunternehmen, Industrieunternehmen, Kosmetikunternehmen,\u00a0Gesundheitswesen, Finanzdienstleistungsunternehmen und Versorgungs- &amp; Entsorgungsunternehmen gemacht.<\/p>\n<h2 style=\"text-align: left;\"><span style=\"color: #009fdf;\">Meine internationalen Kultur- &amp; L\u00e4ndererfahrungen<\/span><\/h2>\n<p>\u00dcber l\u00e4ngerj\u00e4hrige Zeitr\u00e4ume habe ich internationale Kultur- &amp; L\u00e4ndererfahrungen in Beratungsprojekten vor Ort in Gro\u00dfbritannien, Frankreich sowie in der Schweiz und in \u00fcbergreifenden Beratungsprojekten in Deutschland gesammelt.<\/p>\n<h2 style=\"text-align: left;\"><span style=\"color: #009fdf;\">Meine besonderen F\u00e4higkeiten<\/span><\/h2>\n<p>Ich habe eine ausgepr\u00e4gte Wahrnehmungs- &amp;\u00a0Reflexionsf\u00e4higkeit und ein hohes Einf\u00fchlungsverm\u00f6gen. Ich verf\u00fcge \u00fcber eine ausgepr\u00e4gte St\u00e4rke f\u00fcr eigenst\u00e4ndige Ver\u00e4nderungen. Ich habe ein tief gehendes Verst\u00e4ndnis f\u00fcr \u201eMann-Frau &amp; Frau-Mann\u201c-Verhaltensweisen und daraus folgende \u201eKonflikte &amp; Krisen\u201c sowie Auswirkungen auf &#8222;Potentiale&#8220;. Durch meine wertsch\u00e4tzende &amp;\u00a0vertrauensvolle Arbeitsweise schaffe ich gute menschliche Beziehungen. Ich verf\u00fcge \u00fcber eine angemessene Konsequenz. Mit meiner Authentizit\u00e4t &amp; Klarheit bringe ich Dinge auf den Punkt.<\/p>\n<h2 style=\"text-align: left;\"><span style=\"color: #009fdf;\">Meine Kernthemen<\/span><\/h2>\n<p>Meine Kernthemen sind: \u201ePotentiale\u201c erkennen &amp; f\u00f6rdern, \u201eKonflikte und Krisen\u201c bew\u00e4ltigen &amp; vermeiden, \u201eEntscheidungen\u201c richtig treffen &amp; umsetzen, \u201eUrsachen und Wirkungen\u201c verstehen &amp; leben.<\/p>\n<h2 style=\"text-align: left;\"><span style=\"color: #009fdf;\">Mein Coach-Profil<\/span><\/h2>\n<p style=\"text-align: left;\">Eine Kurzfassung meines Profils mit beruflichem Lebenslauf &amp; Ausbildungen, finden Sie in meinem<\/p>\n<p style=\"text-align: center;\"><div>\t<div id=\"20190129schaltflaechecoachprofil_hype_container\" style=\"margin:auto;position:relative;width:160px;height:60px;overflow:hidden;\">\n\t\t<script type=\"text\/javascript\" charset=\"utf-8\" src=\"\/\/changebycoaching.de\/wp-content\/uploads\/hypeanimations\/2\/20190129SchaltflaecheCoachProfil.hyperesources\/20190129schaltflaechecoachprofil_hype_generated_script.js?71835\"><\/script>\n\t<\/div>\n<\/div><\/p>\n<p style=\"text-align: center;\">\n<h2 style=\"text-align: right;\"><a href=\"https:\/\/changebycoaching.de\/index.php\/change\/\"><span style=\"color: #00ab84;\">Gemeinsam ver\u00e4ndern &gt;&gt;<\/span><\/a><\/h2>\n<div class=\"shariff shariff-align-center shariff-widget-align-left\" style=\"display:none\"><ul class=\"shariff-buttons theme-round orientation-horizontal buttonsize-medium\"><li class=\"shariff-button whatsapp shariff-nocustomcolor\" style=\"background-color:#5cbe4a;border-radius:50%\"><a href=\"https:\/\/api.whatsapp.com\/send?text=https%3A%2F%2Fchangebycoaching.de%2Findex.php%2Fcoach%2F%20Wer%20ist%20Ihr%20Coach%3F\" title=\"Bei Whatsapp teilen\" aria-label=\"Bei Whatsapp teilen\" role=\"button\" rel=\"noopener nofollow\" class=\"shariff-link\" style=\";border-radius:50%; background-color:#34af23; color:#fff\" target=\"_blank\"><span class=\"shariff-icon\" style=\"\"><svg width=\"32px\" height=\"20px\" xmlns=\"http:\/\/www.w3.org\/2000\/svg\" viewBox=\"0 0 32 32\"><path fill=\"#34af23\" d=\"M17.6 17.4q0.2 0 1.7 0.8t1.6 0.9q0 0.1 0 0.3 0 0.6-0.3 1.4-0.3 0.7-1.3 1.2t-1.8 0.5q-1 0-3.4-1.1-1.7-0.8-3-2.1t-2.6-3.3q-1.3-1.9-1.3-3.5v-0.1q0.1-1.6 1.3-2.8 0.4-0.4 0.9-0.4 0.1 0 0.3 0t0.3 0q0.3 0 0.5 0.1t0.3 0.5q0.1 0.4 0.6 1.6t0.4 1.3q0 0.4-0.6 1t-0.6 0.8q0 0.1 0.1 0.3 0.6 1.3 1.8 2.4 1 0.9 2.7 1.8 0.2 0.1 0.4 0.1 0.3 0 1-0.9t0.9-0.9zM14 26.9q2.3 0 4.3-0.9t3.6-2.4 2.4-3.6 0.9-4.3-0.9-4.3-2.4-3.6-3.6-2.4-4.3-0.9-4.3 0.9-3.6 2.4-2.4 3.6-0.9 4.3q0 3.6 2.1 6.6l-1.4 4.2 4.3-1.4q2.8 1.9 6.2 1.9zM14 2.2q2.7 0 5.2 1.1t4.3 2.9 2.9 4.3 1.1 5.2-1.1 5.2-2.9 4.3-4.3 2.9-5.2 1.1q-3.5 0-6.5-1.7l-7.4 2.4 2.4-7.2q-1.9-3.2-1.9-6.9 0-2.7 1.1-5.2t2.9-4.3 4.3-2.9 5.2-1.1z\"\/><\/svg><\/span><\/a><\/li><li class=\"shariff-button mailto shariff-nocustomcolor\" style=\"background-color:#a8a8a8;border-radius:50%\"><a href=\"mailto:?body=https%3A%2F%2Fchangebycoaching.de%2Findex.php%2Fcoach%2F&subject=Wer%20ist%20Ihr%20Coach%3F\" title=\"Per E-Mail versenden\" aria-label=\"Per E-Mail versenden\" role=\"button\" rel=\"noopener nofollow\" class=\"shariff-link\" style=\";border-radius:50%; background-color:#999; color:#fff\"><span class=\"shariff-icon\" style=\"\"><svg width=\"32px\" height=\"20px\" xmlns=\"http:\/\/www.w3.org\/2000\/svg\" viewBox=\"0 0 32 32\"><path fill=\"#999\" d=\"M32 12.7v14.2q0 1.2-0.8 2t-2 0.9h-26.3q-1.2 0-2-0.9t-0.8-2v-14.2q0.8 0.9 1.8 1.6 6.5 4.4 8.9 6.1 1 0.8 1.6 1.2t1.7 0.9 2 0.4h0.1q0.9 0 2-0.4t1.7-0.9 1.6-1.2q3-2.2 8.9-6.1 1-0.7 1.8-1.6zM32 7.4q0 1.4-0.9 2.7t-2.2 2.2q-6.7 4.7-8.4 5.8-0.2 0.1-0.7 0.5t-1 0.7-0.9 0.6-1.1 0.5-0.9 0.2h-0.1q-0.4 0-0.9-0.2t-1.1-0.5-0.9-0.6-1-0.7-0.7-0.5q-1.6-1.1-4.7-3.2t-3.6-2.6q-1.1-0.7-2.1-2t-1-2.5q0-1.4 0.7-2.3t2.1-0.9h26.3q1.2 0 2 0.8t0.9 2z\"\/><\/svg><\/span><\/a><\/li><li class=\"shariff-button linkedin shariff-nocustomcolor\" style=\"background-color:#1488bf;border-radius:50%\"><a href=\"https:\/\/www.linkedin.com\/sharing\/share-offsite\/?url=https%3A%2F%2Fchangebycoaching.de%2Findex.php%2Fcoach%2F\" title=\"Bei LinkedIn teilen\" aria-label=\"Bei LinkedIn teilen\" role=\"button\" rel=\"noopener nofollow\" class=\"shariff-link\" style=\";border-radius:50%; background-color:#0077b5; color:#fff\" target=\"_blank\"><span class=\"shariff-icon\" style=\"\"><svg width=\"32px\" height=\"20px\" xmlns=\"http:\/\/www.w3.org\/2000\/svg\" viewBox=\"0 0 27 32\"><path fill=\"#0077b5\" d=\"M6.2 11.2v17.7h-5.9v-17.7h5.9zM6.6 5.7q0 1.3-0.9 2.2t-2.4 0.9h0q-1.5 0-2.4-0.9t-0.9-2.2 0.9-2.2 2.4-0.9 2.4 0.9 0.9 2.2zM27.4 18.7v10.1h-5.9v-9.5q0-1.9-0.7-2.9t-2.3-1.1q-1.1 0-1.9 0.6t-1.2 1.5q-0.2 0.5-0.2 1.4v9.9h-5.9q0-7.1 0-11.6t0-5.3l0-0.9h5.9v2.6h0q0.4-0.6 0.7-1t1-0.9 1.6-0.8 2-0.3q3 0 4.9 2t1.9 6z\"\/><\/svg><\/span><\/a><\/li><li class=\"shariff-button xing shariff-nocustomcolor\" style=\"background-color:#29888a;border-radius:50%\"><a href=\"https:\/\/www.xing.com\/spi\/shares\/new?url=https%3A%2F%2Fchangebycoaching.de%2Findex.php%2Fcoach%2F\" title=\"Bei XING teilen\" aria-label=\"Bei XING teilen\" role=\"button\" rel=\"noopener nofollow\" class=\"shariff-link\" style=\";border-radius:50%; background-color:#126567; color:#fff\" target=\"_blank\"><span class=\"shariff-icon\" style=\"\"><svg width=\"32px\" height=\"20px\" xmlns=\"http:\/\/www.w3.org\/2000\/svg\" viewBox=\"0 0 25 32\"><path fill=\"#126567\" d=\"M10.7 11.9q-0.2 0.3-4.6 8.2-0.5 0.8-1.2 0.8h-4.3q-0.4 0-0.5-0.3t0-0.6l4.5-8q0 0 0 0l-2.9-5q-0.2-0.4 0-0.7 0.2-0.3 0.5-0.3h4.3q0.7 0 1.2 0.8zM25.1 0.4q0.2 0.3 0 0.7l-9.4 16.7 6 11q0.2 0.4 0 0.6-0.2 0.3-0.6 0.3h-4.3q-0.7 0-1.2-0.8l-6-11.1q0.3-0.6 9.5-16.8 0.4-0.8 1.2-0.8h4.3q0.4 0 0.5 0.3z\"\/><\/svg><\/span><\/a><\/li><li class=\"shariff-button facebook shariff-nocustomcolor\" style=\"background-color:#4273c8;border-radius:50%\"><a href=\"https:\/\/www.facebook.com\/sharer\/sharer.php?u=https%3A%2F%2Fchangebycoaching.de%2Findex.php%2Fcoach%2F\" title=\"Bei Facebook teilen\" aria-label=\"Bei Facebook teilen\" role=\"button\" rel=\"nofollow\" class=\"shariff-link\" style=\";border-radius:50%; background-color:#3b5998; color:#fff\" target=\"_blank\"><span class=\"shariff-icon\" style=\"\"><svg width=\"32px\" height=\"20px\" xmlns=\"http:\/\/www.w3.org\/2000\/svg\" viewBox=\"0 0 18 32\"><path fill=\"#3b5998\" d=\"M17.1 0.2v4.7h-2.8q-1.5 0-2.1 0.6t-0.5 1.9v3.4h5.2l-0.7 5.3h-4.5v13.6h-5.5v-13.6h-4.5v-5.3h4.5v-3.9q0-3.3 1.9-5.2t5-1.8q2.6 0 4.1 0.2z\"\/><\/svg><\/span><\/a><\/li><\/ul><\/div>","protected":false},"excerpt":{"rendered":"<p>Wer ist Ihr Coach? COACH Als Business Coach begleite ich Sie, in der Erzielung von z\u00fcgigen Verbesserungen und anhaltenden positiven Ver\u00e4nderungen in F\u00fchrung und (Zusammen-)Arbeit. Mein Hauptfokus ist, F\u00f6rderung einer wertebezogenen, ideengertiebenen &amp; agilen F\u00fchrungs- &amp; Arbeitskultur. Meine Zielgruppen sind Unternehmen, als Auftraggeber f\u00fcr Sie als F\u00fchrungskraft oder Mitarbeiter\u00b7in; und Sie als Privatperson. Mein Coaching&hellip;<\/p>\n","protected":false},"author":1,"featured_media":3905,"parent":0,"menu_order":1,"comment_status":"closed","ping_status":"closed","template":"","meta":{"advanced_seo_description":"","jetpack_seo_html_title":"","jetpack_seo_noindex":false,"footnotes":""},"class_list":["post-766","page","type-page","status-publish","has-post-thumbnail","hentry","entry"],"jetpack_shortlink":"https:\/\/wp.me\/P97RIa-cm","jetpack-related-posts":[],"jetpack_sharing_enabled":true,"amp_enabled":true,"_links":{"self":[{"href":"https:\/\/changebycoaching.de\/index.php\/wp-json\/wp\/v2\/pages\/766","targetHints":{"allow":["GET"]}}],"collection":[{"href":"https:\/\/changebycoaching.de\/index.php\/wp-json\/wp\/v2\/pages"}],"about":[{"href":"https:\/\/changebycoaching.de\/index.php\/wp-json\/wp\/v2\/types\/page"}],"author":[{"embeddable":true,"href":"https:\/\/changebycoaching.de\/index.php\/wp-json\/wp\/v2\/users\/1"}],"replies":[{"embeddable":true,"href":"https:\/\/changebycoaching.de\/index.php\/wp-json\/wp\/v2\/comments?post=766"}],"version-history":[{"count":179,"href":"https:\/\/changebycoaching.de\/index.php\/wp-json\/wp\/v2\/pages\/766\/revisions"}],"predecessor-version":[{"id":5326,"href":"https:\/\/changebycoaching.de\/index.php\/wp-json\/wp\/v2\/pages\/766\/revisions\/5326"}],"wp:featuredmedia":[{"embeddable":true,"href":"https:\/\/changebycoaching.de\/index.php\/wp-json\/wp\/v2\/media\/3905"}],"wp:attachment":[{"href":"https:\/\/changebycoaching.de\/index.php\/wp-json\/wp\/v2\/media?parent=766"}],"curies":[{"name":"wp","href":"https:\/\/api.w.org\/{rel}","templated":true}]}}